composite number?
True
Let c be ((-441)/252)/(2/14584). Let g = 18018 + c. Is g a composite number?
True
Suppose -40 = -12*g - 16. Suppose 5*p + 27160 = 5*n, 0 = -5*p - 7 + g. Is n a prime number?
True
Let r(d) = 2*d**3 - 2*d**2 - 4*d + 7. Let q(y) = -6*y - 22. Let x be q(-5). Is r(x) a composite number?
True
Let p be (-332)/(-15) - (-76)/(-570). Suppose -6*i - 198736 = -p*i. Is i a prime number?
True
Suppose 252 - 192 = 15*x. Suppose x*s + 0*s - 11812 = 4*y, -3*s + 8859 = -2*y. Is s composite?
False
Let q be 70/3*((-8)/(-16) + 1). Suppose s = m - 138, m - q = 3*s + 95. Is m composite?
True
Suppose -c + 8997 = -5*u, -5*c - u = u - 45066. Suppose -d + 0*t = -2*t - 1809, -c = -5*d - t. Is d prime?
False
Is 28272 + (-9 - -11 - -12) a composite number?
True
Let n(d) = 18*d - 24. Let g(o) = -o. Let x(p) = -15*g(p) - n(p). Let h be x(7). Let c(y) = 48*y**3 - 2*y**2 + 6*y - 5. Is c(h) prime?
True
Let r = 47 - 50. Let c be ((-8)/20)/(r/(-9195)). Is (-1 + 3)/(-4)*c prime?
True
Suppose 100*j - 40628436 - 107514448 - 13894216 = 0. Is j a prime number?
True
Let q = 1373 + 1251. Suppose -7*u + 2 = -6*u, -2*s + 5*u + q = 0. Is s a prime number?
False
Let u(s) = 2*s**3 - 17*s**2 - 4*s - 7. Let w be u(9). Suppose -3*j = 5*t - 4, 3*j - w = 4*t + 2. Suppose j*l + 2931 = 11*l. Is l a prime number?
True
Is 13 - (-302542 + 4 + 8) prime?
False
Let y = 2996 + -1818. Let w(k) = 2*k**2 + 5*k. Let z be w(-3). Suppose -z*b - 5*v = -y, -b + v + 781 = b. Is b prime?
False
Suppose 3*a + 2*v + v + 24 = 0, 2*v - 8 = 4*a. Let r be (2 + a)/(3/(1 - 4)). Is (-5 + (-954)/(-4))*r a prime number?
True
Is (1 - 13) + 8 + 489047 a prime number?
True
Suppose -99*k + 101*k - 3009546 = -2*u, 6*k + 7523909 = 5*u. Is u composite?
False
Suppose 24 = -37*h + 41*h. Suppose h*i = 15*i - 32931. Is i a prime number?
True
Let l(q) = -q**2 + 13. Let k be l(-3). Suppose -k*z + 3 = -z, 0 = -5*s - z + 816. Is s a composite number?
False
Let o(r) = -24350*r + 619. Is o(-2) a prime number?
False
Let r(x) = 36*x + 7. Let j = -93 + 131. Suppose -7*s = -18 - j. Is r(s) composite?
True
Let g(y) = -5*y - 32. Let i be g(-8). Suppose -35*a + 3186 = -i*a. Is a a prime number?
False
Let p = -473 + 473. Let o(w) = 2*w**3 + 2*w**2 - 5*w + 3779. Is o(p) a composite number?
False
Is ((-5 + -5)/2 - -6)*56837 prime?
False
Let a = 820 + -505. Suppose -a*t = -307*t - 46040. Is t prime?
False
Let l = 334923 - 82126. Is l prime?
False
Let o(n) = -n**2 - n + 1. Let r(h) = 2*h**2 + 2*h + 35. Let x(v) = -3*o(v) + r(v). Let p be x(10). Suppose -5*i = -7*i + p. Is i a composite number?
True
Let i(q) = -10*q**2 + 36. Let y be i(-10). Let r = 3543 + y. Is r composite?
False
Suppose f = u - 4*u - 2767, -917 = u + 3*f. Let i = 3194 + u. Is i composite?
True
Suppose -44*i + 18748484 = -22149648. Is i composite?
True
Let p(j) = 3*j**3 - 49*j**2 + 52*j + 113. Is p(40) a prime number?
True
Suppose a = -11*a + a. Suppose -10*m - 1 + 11 = a. Is (-7)/((-1)/m)*2 composite?
True
Suppose 156*b - 3895502 = -154*b + 284*b. Is b a composite number?
False
Let m(o) = -29*o**3 - 34*o**2 + 89*o + 881. Is m(-25) a composite number?
True
Suppose 4*q - q = -108. Let x = q - -41. Suppose -i + x*g + 936 = 0, -4*i + g + 3810 = 3*g. Is i prime?
False
Suppose 5*c = -5*b + 60, -13 = -3*c + b + 7. Suppose -c*r + 6*r = 5*v - 2473, -2*v + 2*r = -978. Is v prime?
False
Let k = 4 - 2. Suppose 9 = 3*x + 3*z, 5 = k*x - 2*z + 5*z. Suppose 2*h - 3*s - 6164 = 0, -4*h + 9*h = -x*s + 15387. Is h prime?
True
Let f(k) = k**3 + 25*k**2 - 27*k + 19. Suppose 0 = 16*o - 14*o + 50. Is f(o) composite?
True
Let d = 761 - 752. Let a(w) = 3*w**2 - 17*w + 33. Let m(u) = 2*u**2 - 9*u + 17. Let n(f) = -3*a(f) + 5*m(f). Is n(d) a composite number?
True
Let c(m) = 9 + 11*m - 13 + 12*m. Let r be c(2). Suppose -216 = -2*l - r. Is l composite?
True
Is 3258942/8*(-35)/((-1890)/72) composite?
False
Let l(j) = 4840*j**3 - 6*j**2 - 14*j + 5. Is l(3) a prime number?
True
Let a = 208 - 171. Suppose -22*z + a*z = 23505. Is z a prime number?
True
Suppose 4*q - 3393 = 14971. Let p = 2092 - 1301. Suppose 4*y - 10729 = c, p = 2*y - 4*c - q. Is y a composite number?
True
Let i be (-4 - (2 - (-2 + 136))) + 2. Suppose i*x - 136*x = -8058. Is x prime?
False
Let v(c) = 35441*c + 10. Is v(9) a prime number?
True
Let i be 174/8 - (15/(-4))/15. Suppose i*o = 19*o + 8727. Is o a composite number?
False
Let c = 408 + -402. Suppose -3917 - 6241 = -c*j. Is j a composite number?
False
Let i(t) = -3*t - 71. Let a be i(-25). Let n be (14/(-56) - (-1)/a) + -204. Let j = n - -613. Is j composite?
False
Let r be ((-4 - 0) + 4)/2. Suppose -3 = v, r = -20*p + 23*p - 2*v - 1473. Is p a composite number?
True
Suppose -8*w + 264 = 56. Let u = -23 + w. Suppose u*i - 9369 = 42. Is i a composite number?
False
Suppose 32*p - 3601556 = 18*p - 14*p. Is p composite?
True
Is (-16)/(-40)*(-30208350)/(-20) prime?
False
Suppose 39*z - 37*z + 3 = -k, -z - 3*k = 4. Is (4040/16)/(z/(-2)) a prime number?
False
Let m = 4810 + 2569. Is m composite?
True
Let d be (-356)/(-2)*4329/78. Let p = d - -3100. Is p a prime number?
True
Let k be 0 + 4 + ((-8)/(-4))/2. Suppose 4*i - k*y + y = 0, y = 3. Suppose -b - 2658 = -i*w - 2*b, 3*b + 4444 = 5*w. Is w prime?
True
Let l = 910990 - 622103. Is l prime?
False
Suppose 0 = 2*z + 5*g - 27518, -22*g = -z - 19*g + 13737. Is z a prime number?
False
Let h(z) = -z**3 - 22*z**2 - 12*z - 31. Let b be h(-8). Let c = 1292 - b. Is c composite?
True
Let u(a) = -8138*a - 2229. Is u(-14) prime?
False
Let i = 9459 + 898. Is i a prime number?
True
Suppose 567*c + 2169471 = 570*c. Is c a prime number?
True
Suppose -4*z + 15 = -q, 6 = 3*z - 2*z - q. Suppose -3*x + 2934 = g, 3*x - z*g - 1967 = x. Is x composite?
True
Let f(q) = 56*q**2 + 6*q - 10. Let v be f(4). Suppose d = h - v, -3*h + 9*d = 10*d - 2734. Is h prime?
True
Suppose 435361 = 23*z - 131658. Suppose -h = 4*t - z, -t - 4*h = -2*h - 6165. Is t prime?
True
Suppose -29562 = 932*p - 934*p + q, 5*p = -3*q + 73883. Is p a prime number?
True
Suppose -364*z = -383*z + 12220363. Is z composite?
True
Let r(a) = -2*a + 7. Let t be r(0). Suppose 0 = -q - 4, t = -g + 4*q - 6*q. Is -4 + -1 + 1096 - 3 - g composite?
False
Let i(p) = -14*p - 23. Let v be 4/(-10) + (406/(-35) - 0). Let r be i(v). Suppose 0 = 4*d - 5*g - 235, 6*g + r = 2*d + 9*g. Is d composite?
True
Let b = 505736 + -282099. Is b a composite number?
False
Suppose 11*c - 6996 = 8305. Suppose -r = -4*f - c, 9*f - 5*f = 8. Is r a composite number?
False
Let i = 22980 + 1311. Suppose -g = -3*y + 46458, -2*y + 6680 = -g - i. Is y composite?
True
Let v(j) = -6*j**3 - 4*j**2 + 18*j + 1. Let o be v(8). Let t = -2144 - o. Is t a prime number?
True
Let w be 0*(6/(-4))/(-3). Let q(a) be the second derivative of -5*a**3/6 + 685*a**2/2 - 68*a - 6. Is q(w) prime?
False
Let g be (3/(-18) - 31/(-6))*-1. Let k(d) = d**3 + 7*d**2 + 8*d + 4. Let i be k(g). Let f(o) = 8*o - 35. Is f(i) a prime number?
False
Let z be -1 - -6 - 2 - 1309. Let h = 4349 + z. Suppose -8*w + 2565 = -h. Is w prime?
True
Let z = -11 - -13. Suppose -z*k + 52 = -110. Is (-2)/(-9) + 51093/k a composite number?
False
Let w be (2/3)/((-11)/(-66)). Suppose 2*u - 5*v - 209 = 185, 5*u + w*v - 919 = 0. Is u a prime number?
False
Let v = 39839 - -14640. Is v a composite number?
True
Suppose -66*r + 5*z = -64*r - 507476, 3*r + 3*z - 761277 = 0. Is r a prime number?
False
Let u = 152 - 148. Suppose 5*b + 5*k - 10305 = 0, u*b - 10*k + 9*k = 8254. Is b prime?
True
Suppose -18*k + 234189 - 156156 = -432933. Is k composite?
False
Let d(c) = 288*c**2 - 11*c - 301. Is d(-16) a prime number?
False
Suppose 1557036 + 209526 = 42*x. Is x composite?
False
Suppose 10*q + 5*q = 89115. Is (-120)/(-320) + q/8 a composite number?
False
Let m be 1*((-1 - (-9)/1) + -3). Let a(z) = 595*z + 42. Is a(m) composite?
True
Let j be (-38)/(-14) + (-6)/(-21). Suppose -55444 + 241724 = 40*r. Suppose -740 = -j*l + r. Is l a prime number?
False
Suppose -2*m = 3*o - 78, 3*m + 9 = o - 6. Suppose -97010 - 45814 = -o*d. Is d a prime number?
False
Suppose 132222854 = 171*v - 140103135 + 73631000. Is v a composite number?
True
Suppose -90*q = -87*q + 12. Let v be 3 - (-3 + q + 3). Suppose 0 = -v*o - 2798 + 17869. Is o a composite number?
False
Is 18878937/(-99)*6/(-14) a composite number?
Fa